{"id":5,"date":"2023-11-18T11:47:13","date_gmt":"2023-11-18T11:47:13","guid":{"rendered":"http:\/\/beratungsbuero-hs.de\/?page_id=5"},"modified":"2026-02-04T16:03:22","modified_gmt":"2026-02-04T16:03:22","slug":"willkommen-auf-http-beratungsbuero-hs-de","status":"publish","type":"page","link":"https:\/\/beratungsbuero-hs.de\/","title":{"rendered":"Willkommen auf https:\/\/beratungsbuero-hs.de"},"content":{"rendered":"\n<p>Guten Tag, sch\u00f6n dass Sie meine Internet-Seite besuchen. <\/p>\n\n\n\n<p>Mein Name ist Heinrich Schick, ich bin Ihr pers\u00f6nlicher und unabh\u00e4ngiger technischer Berater, wenn es um die Themen Klima- L\u00fcftungs- und W\u00e4rmepumpenanlagen geht.                                                                                                                                                                                                                         Sind Sie Unternehmer, Gewerbetreibender, Handwerker oder Privatperson, planen Sie eine Neuanschaffung oder sind Sie sich nicht sicher, ob Ihre vorhandenen Anlagen wirtschaftlich  arbeiten und den neuesten Stand der Technik entsprechen?   <\/p>\n\n\n\n<p>Dann unterst\u00fctze ich Sie gerne dabei, die f\u00fcr Sie optimale L\u00f6sung zu finden und den maximalen Nutzen aus ihren Investitionen zu ziehen.<\/p>\n\n\n\n<p>Meine Beratungsphilosophie ist gepr\u00e4gt von Praxisn\u00e4he, Zielstrebigkeit und Ergebnisorientierung.<br>Ich verstehe, dass der Erfolg Ihres Vorhabens nicht nur in theoretischen Konzepten, sondern vor allem in konkreten Handlungen und messbaren Ergebnissen liegt.<br>Mein Ansatz zielt darauf ab, den Nutzen f\u00fcr Sie h\u00f6her zu gestalten als die Kosten, die Sie f\u00fcr die gebotenen Dienstleistungen investieren.<br><strong>Was mich auszeichnet: 43 Jahre Berufserfahrung. M\u00f6chten Sie mehr dar\u00fcber erfahren? Lesen Sie  bei &#8222;\u00dcber mich&#8220; nach.<\/strong><\/p>\n\n\n\n<p class=\"has-text-color has-link-color wp-elements-24c6c0005d8a78a23f2bb90c0a7e3843\" style=\"color:#0cd100\">In der Gegenwart und Zukunft, werden auf den Themen Umweltschutz und Wirtschaftlichkeit eine immer gr\u00f6\u00dfer werdende Bedeutung zukommen.<strong> <\/strong> <\/p>\n\n\n<p>M<strong>eine Beratung zeichnet sich durch strategisches Denken, Fach- und<br \/>Probleml\u00f6sungskompetenz und strukturiertes Arbeiten aus. Um ein umfassendes<br \/>Bild zu erhalten, werden sorgf\u00e4ltige Analysen durchgef\u00fchrt und die gewonnen<br \/>Daten genauestens protokolliert. <\/strong><\/p>\n<p><!-- \/wp:paragraph --><!-- wp:paragraph {\"align\":\"left\"} --><\/p>\n<p class=\"has-text-align-left\"><strong>Auf dieser Grundlage werden<br \/>Optimierungspotenziale erarbeitet, die auf Ihre individuellen<\/strong><b><br \/><strong>Bed\u00fcrfnisse zugeschnitten sind.<\/strong><br \/><strong>In der \u00dcberzeugung, dass ich Ihnen mit meiner praxis- und<br \/>ergebnisorientierten Beratung einen nachhaltigen Mehrwert bieten kann, w\u00fcrde ich<br \/>gerne die Gelegenheit nutzen, dies in einem pers\u00f6nlichen Gespr\u00e4ch n\u00e4her zu<br \/>erl\u00e4utern. <\/strong><br \/><strong>Bitte nehmen Sie Kontakt mit mir auf, wenn Sie Interesse an einem<br \/>unverbindlichen Gespr\u00e4ch haben.<\/strong><\/b><\/p>\n<p><!-- \/wp:paragraph --><!-- wp:paragraph --><\/p>\n<p><strong>Ihr Heinrich Schick<\/strong><\/p>\n<p><strong>Technischer Berater<\/strong><\/p>\n<p><!-- \/wp:paragraph --><!-- wp:paragraph --><\/p>\n<p><strong>31275 Lehrte\/Sievershausen<\/strong><\/p>\n<p><!-- \/wp:paragraph --><!-- wp:paragraph --><\/p>\n<p><strong>Tel.: 0152\/28659077<\/strong><\/p>\n<p><!-- \/wp:paragraph --><!-- wp:paragraph --><\/p>\n<p><strong>E-Mail: info@beratungsbuero-hs.de<\/strong><\/p>\n<p><!-- \/wp:paragraph --><\/p>\n<p><!-- wp:paragraph {\"align\":\"left\",\"style\":{\"typography\":{\"fontStyle\":\"normal\",\"fontWeight\":\"500\"}}} --><\/p>\n<p class=\"has-text-align-left\" style=\"font-style:normal;font-weight:500\">\n<p><!-- \/wp:paragraph --><\/p>","protected":false},"excerpt":{"rendered":"<p>Guten Tag, sch\u00f6n dass Sie meine Internet-Seite besuchen. Mein Name ist Heinrich Schick, ich bin Ihr pers\u00f6nlicher und unabh\u00e4ngiger technischer Berater, wenn es um die Themen Klima- L\u00fcftungs- und W\u00e4rmepumpenanlagen geht. Sind Sie Unternehmer, Gewerbetreibender, Handwerker oder Privatperson, planen Sie eine Neuanschaffung oder sind Sie sich nicht sicher, ob Ihre vorhandenen Anlagen wirtschaftlich arbeiten und [&hellip;]<\/p>\n","protected":false},"author":1,"featured_media":0,"parent":0,"menu_order":1,"comment_status":"closed","ping_status":"closed","template":"","meta":{"footnotes":""},"_links":{"self":[{"href":"https:\/\/beratungsbuero-hs.de\/index.php?rest_route=\/wp\/v2\/pages\/5"}],"collection":[{"href":"https:\/\/beratungsbuero-hs.de\/index.php?rest_route=\/wp\/v2\/pages"}],"about":[{"href":"https:\/\/beratungsbuero-hs.de\/index.php?rest_route=\/wp\/v2\/types\/page"}],"author":[{"embeddable":true,"href":"https:\/\/beratungsbuero-hs.de\/index.php?rest_route=\/wp\/v2\/users\/1"}],"replies":[{"embeddable":true,"href":"https:\/\/beratungsbuero-hs.de\/index.php?rest_route=%2Fwp%2Fv2%2Fcomments&post=5"}],"version-history":[{"count":36,"href":"https:\/\/beratungsbuero-hs.de\/index.php?rest_route=\/wp\/v2\/pages\/5\/revisions"}],"predecessor-version":[{"id":111,"href":"https:\/\/beratungsbuero-hs.de\/index.php?rest_route=\/wp\/v2\/pages\/5\/revisions\/111"}],"wp:attachment":[{"href":"https:\/\/beratungsbuero-hs.de\/index.php?rest_route=%2Fwp%2Fv2%2Fmedia&parent=5"}],"curies":[{"name":"wp","href":"https:\/\/api.w.org\/{rel}","templated":true}]}}