{"id":101,"date":"2023-11-25T11:23:59","date_gmt":"2023-11-25T11:23:59","guid":{"rendered":"http:\/\/beratungsbuero-hs.de\/?page_id=101"},"modified":"2026-02-04T16:02:52","modified_gmt":"2026-02-04T16:02:52","slug":"ueber-mich","status":"publish","type":"page","link":"https:\/\/beratungsbuero-hs.de\/?page_id=101","title":{"rendered":"\u00dcber mich"},"content":{"rendered":"\n<p><strong>46 Jahre Berufserfahrung!!<\/strong><\/p>\n\n\n\n<p>Beruflicher Werdegang in der K\u00e4lte\/Klima- und L\u00fcftungsbranche<\/p>\n\n\n\n<p>Meine berufliche Karriere in der Branche begann im Jahr 1980.<\/p>\n\n\n\n<p>Bis 2009 war ich in einem mittelst\u00e4ndigen Handwerksbetrieb im Raum Aschaffenburg besch\u00e4ftigt, die ersten 10 Jahre davon als Monteur.&nbsp; Mein Besch\u00e4ftigungsfeld umfasste die Bereiche Montage, Inbetriebnahme, Wartung und Reparatur von K\u00e4lte\/Klima-, L\u00fcftungs- und W\u00e4rmepumpenanlagen.<\/p>\n\n\n\n<p>Ab 1990 besuchte ich berufsbegleitend die Bundesfachschule K\u00e4lte\/Klimatechnik in Maintal bei Hanau, die ich 1992 nach erfolgreicher Pr\u00fcfung als K\u00e4lteanlagenbauer-Meister verlie\u00df. Daraufhin wurde ich zum technischen Betriebsleiter bef\u00f6rdert, mit den Aufgabebereichen Service- und Montageleitung, sowie der Ausbildung von Nachwuchs-Fachkr\u00e4ften.<\/p>\n\n\n\n<p>1992 projektierte und montierte ich die erste Luft\/Wasserw\u00e4rmepumpe bei einem Maschinenbaubetrieb, die die Abw\u00e4rme von Drucklufterzeugern nutzt, um Warmwasser zu erzeugen.<\/p>\n\n\n\n<p>Aus famili\u00e4rem Grund zog es mich im Jahr 2009 nach Lehrte\/ Sievershausen (Niedersachsen). Ich bewarb mich erfolgreich bei einem gro\u00dfen, international agierenden, Industriekonzern auf eine freie Stelle als Meister der Instandhaltung und Reparaturen von ca.1500 K\u00e4lte\/Klima-, L\u00fcftungs- und W\u00e4rmepumpenanlagen.<\/p>\n\n\n\n<p>2011 wechselte ich innerhalb des Konzerns in gleicher Position zu einem Tochterunternehmen.<\/p>\n\n\n\n<p>Um immer \u201eUp to date\u201c zu bleiben, besuchte ich in den vergangenen 46 Jahren unz\u00e4hlige Seminare und Weiterbildungsma\u00dfnahmen.<\/p>\n\n\n\n<p>Seit 2023 bin ich als unabh\u00e4ngiger technischer Berater selbst\u00e4ndig.<\/p>\n","protected":false},"excerpt":{"rendered":"<p>46 Jahre Berufserfahrung!! Beruflicher Werdegang in der K\u00e4lte\/Klima- und L\u00fcftungsbranche Meine berufliche Karriere in der Branche begann im Jahr 1980. Bis 2009 war ich in einem mittelst\u00e4ndigen Handwerksbetrieb im Raum Aschaffenburg besch\u00e4ftigt, die ersten 10 Jahre davon als Monteur.&nbsp; Mein Besch\u00e4ftigungsfeld umfasste die Bereiche Montage, Inbetriebnahme, Wartung und Reparatur von K\u00e4lte\/Klima-, L\u00fcftungs- und W\u00e4rmepumpenanlagen. Ab [&hellip;]<\/p>\n","protected":false},"author":1,"featured_media":0,"parent":0,"menu_order":0,"comment_status":"closed","ping_status":"closed","template":"","meta":{"footnotes":""},"_links":{"self":[{"href":"https:\/\/beratungsbuero-hs.de\/index.php?rest_route=\/wp\/v2\/pages\/101"}],"collection":[{"href":"https:\/\/beratungsbuero-hs.de\/index.php?rest_route=\/wp\/v2\/pages"}],"about":[{"href":"https:\/\/beratungsbuero-hs.de\/index.php?rest_route=\/wp\/v2\/types\/page"}],"author":[{"embeddable":true,"href":"https:\/\/beratungsbuero-hs.de\/index.php?rest_route=\/wp\/v2\/users\/1"}],"replies":[{"embeddable":true,"href":"https:\/\/beratungsbuero-hs.de\/index.php?rest_route=%2Fwp%2Fv2%2Fcomments&post=101"}],"version-history":[{"count":4,"href":"https:\/\/beratungsbuero-hs.de\/index.php?rest_route=\/wp\/v2\/pages\/101\/revisions"}],"predecessor-version":[{"id":110,"href":"https:\/\/beratungsbuero-hs.de\/index.php?rest_route=\/wp\/v2\/pages\/101\/revisions\/110"}],"wp:attachment":[{"href":"https:\/\/beratungsbuero-hs.de\/index.php?rest_route=%2Fwp%2Fv2%2Fmedia&parent=101"}],"curies":[{"name":"wp","href":"https:\/\/api.w.org\/{rel}","templated":true}]}}